)/(-15). Calculate the highest common factor of 18 and i.
9
Let c(j) = -16*j + 2. Let o be c(-1). Let u be o + 0*(-1)/3. Calculate the highest common divisor of u and 162.
18
Let s(n) = n + 1. Let c be s(3). Suppose -34*g + 35*g = 0. Suppose g = c*m + m - 20. What is the greatest common factor of m and 36?
4
Suppose -420 = -18*p - 2*p. Calculate the highest common factor of p and 7.
7
Let k = 137 + -133. Let r be 3 - (-1 + k)*-5. Suppose 1 + 47 = 4*f. Calculate the highest common factor of f and r.
6
Let m = 172 - 122. Let w be ((-1*1)/((-81)/108))/((-13)/(-1950)). Calculate the greatest common factor of w and m.
50
Suppose c - 2*s = 36, -4*c + s + 3*s + 124 = 0. Calculate the highest common factor of 208 and c.
26
Suppose -5*y - d + 1 = 0, 3*d + 8 + 0 = -4*y. Let b be ((-2)/(-6))/(118/2832). Calculate the highest common divisor of y and b.
1
Let p be (-5 + -13)*(-111)/6. Calculate the greatest common divisor of 37 and p.
37
Let b(t) = 3*t**3 + 2*t**2 - t + 2. Let i be b(2). Calculate the highest common divisor of 40 and i.
8
Suppose v + 29 = 55. What is the greatest common divisor of v and 208?
26
Let c(d) = -11*d + 264. Let h be c(22). Calculate the highest common factor of 77 and h.
11
Let a = 9 - 6. Let v(f) = 8*f**2 - 3*f + 3*f + 2*f - 7*f**2. Let t be v(4). Calculate the highest common factor of t and a.
3
Let g(n) = 4*n**2 + 3*n - 4. Let l be g(-4). What is the highest common factor of l and 18?
6
Suppose 94 = 2*s + 10. Let z be 1*((-28)/s)/(2/(-30)). What is the highest common divisor of z and 5?
5
Let l be 92/(-22) + 12/66. Let v be 3 + (3 + l - 0). Suppose -v*w + 6 = -0. Calculate the highest common divisor of 6 and w.
3
Let f(m) = 13*m. Let g be f(-8). Let b = g - -188. Suppose -3*u = -5*u + b. Calculate the highest common factor of 6 and u.
6
Suppose 3*u - 5*u + 124 = p, 0 = p + 4*u - 120. What is the greatest common divisor of 96 and p?
32
Let d(j) = j**3 - 9*j**2 - 3*j - 69. Let t be d(10). Calculate the highest common factor of 29 and t.
1
Let y = 9 + -6. Let x = -500 - -501. What is the greatest common factor of x and y?
1
Let l(x) = -2*x**3 - 66*x**2 - 62*x + 70. Let u be l(-32). What is the greatest common factor of u and 24?
6
Let k be 1/4 + (-24)/(1632/(-7055)). Let u = 29 + -16. What is the highest common divisor of k and u?
13
Suppose 19*g = 2038 + 2769. What is the highest common divisor of g and 299?
23
Suppose 107 = -2*z + 345. Let o(k) = k**2 + 9*k + 15. Let a be o(-7). Let x be 3 - 14/(a + -2). What is the highest common factor of z and x?
17
Let z = 2526 - 2519. Let f(g) be the third derivative of 3*g**5/20 + g**4/12 + g**3/3 - g**2. Let x be f(-3). What is the highest common divisor of x and z?
7
Let s(m) = 5*m**2 - 6*m - 1. Let k be (14 - 18) + (2/(-2) - 0). Let c be s(k). What is the highest common divisor of c and 44?
22
Suppose -5*v + 5*o + 150 = -0*v, 0 = 4*v - 2*o - 130. Let y be 24 - ((-4)/4 - 0). Let l be 26/5 - 5/y. Calculate the highest common divisor of v and l.
5
Let y(w) = 33*w - 7. Let j be y(3). Suppose -52 - j = -8*r. What is the greatest common factor of 18 and r?
18
Let f = 973 + -844. Calculate the highest common factor of f and 86.
43
Suppose 0 = 4*g - 4*m + 124, g = -0*m - 4*m - 26. Let i be 25/3*(9 - g/(-5)). Calculate the highest common factor of i and 10.
5
Let b = 34 - 30. Suppose -b*g + 3*g = -20. Suppose 3*f + 6 = 0, 3*c + 2*f + 48 - 194 = 0. Calculate the greatest common divisor of g and c.
10
Let c(s) be the first derivative of s**3/3 - 7*s + 1. Let h be c(-3). What is the highest common factor of 4 and h?
2
Suppose 15 = 2*z + 3*z. Let j = -22 - 4. Let s(k) = -k**2 - 29*k - 77. Let w be s(j). What is the highest common divisor of w and z?
1
Let i = 223 - 130. Let m = i + -5. Calculate the highest common divisor of m and 22.
22
Let j(k) = -2*k + 28. Suppose -38 = -4*v + 10. Let l be j(v). Calculate the highest common factor of 2 and l.
2
Let g be (-2)/((3/(-36))/(225/120)). What is the highest common divisor of 9 and g?
9
Let y = -316 - -481. Calculate the greatest common factor of 60 and y.
15
Let h(k) = 2*k**2 + 27*k - 28. Let y be h(-15). Let j(o) = 6*o - 67. Let x be j(y). What is the highest common factor of x and 7?
7
Let l = 641 + -577. What is the highest common factor of l and 56?
8
Let r(x) = -15*x - 28. Let z be r(-2). What is the highest common factor of z and 8?
2
Suppose 10*n + 249 = 9*n. Let q = n - -364. What is the greatest common divisor of q and 46?
23
Let s(d) = -d**3 - 9*d**2 - 32*d - 43. Let j be s(-6). What is the greatest common factor of 328 and j?
41
Let p be 1 - (-130)/14 - (-54)/(-189). Calculate the greatest common divisor of p and 35.
5
Let i be (-36)/(-2*3/(-6)). Let k(r) = -r**2 + 5*r - 4. Let t be k(6). Let u be (-4)/((-32)/t)*i. Calculate the highest common divisor of 9 and u.
9
Let o be 432/(-40)*(-25)/10. What is the highest common factor of o and 351?
27
Let w = -13205 - -13439. Let k be 15/2*12/5. What is the highest common factor of k and w?
18
Let w(g) = 53*g + 183. Let d be w(21). What is the greatest common divisor of 32 and d?
16
Let h(x) = 47*x + 1. Let i be h(1). What is the highest common factor of i and 456?
24
Let n = -141 + 183. Calculate the highest common factor of n and 357.
21
Let z = -252 + 657. What is the highest common factor of z and 45?
45
Suppose 3 = r - 4*l, 0 = -r + 2*l - 0*l + 3. Suppose 51 = 6*n - r. What is the highest common factor of n and 45?
9
Suppose t + f = -3 + 10, 3*t + 4 = 2*f. Suppose -2*p + t*c = -6, 2*p - 2*c = 3*c - 3. Calculate the highest common divisor of p and 12.
6
Let d(b) = 5*b + 9. Let n be d(4). Suppose 0 = n*a - 24*a - 500. Let p(c) = 19*c**2 - c. Let k be p(-1). What is the highest common factor of a and k?
20
Let r be 24/(-14)*84/(-12). Suppose -3*u + 4*d = 6*d - 15, -5*d + r = -u. Calculate the highest common divisor of u and 1.
1
Suppose 52 + 349 = 4*p + 5*x, -x + 100 = p. What is the highest common factor of 165 and p?
33
Let i = 23 - 12. Suppose v = 2*h + 3, 2*h + 9 = 2*v + v. Suppose -y + 118 + v = 0. What is the highest common factor of i and y?
11
Let o(i) = 0*i**3 + 94 - 85 - 17*i**2 + i**3. Let p be o(17). Let m = 1 - -8. What is the greatest common divisor of p and m?
9
Let m(p) = 2*p - 25. Let r(u) = u + 1. Let g(i) = -m(i) + 3*r(i). Let a be g(22). What is the highest common divisor of a and 125?
25
Suppose 6*q + 0*q - 30 = 0. Suppose -3*i = -5*k + 161 + 25, i = q*k - 182. Calculate the highest common factor of k and 12.
12
Suppose -5*f - 5 = -j - 13, -5*j = -5*f - 40. What is the highest common factor of j and 84?
12
Let t be 2*3*6/(-12)*-17. Let n = t - -64. What is the highest common factor of n and 23?
23
Suppose 4*z + 540 = 4*o, -8*o + z + 675 = -3*o. Let l = o - 75. What is the greatest common factor of l and 90?
30
Suppose -2*l + 90 = 3*l. Suppose -45*o = -143*o + 1764. What is the greatest common factor of l and o?
18
Suppose -9*z + 4*z + 240 = 5*m, -2*z = -m + 54. Calculate the highest common divisor of m and 35.
5
Suppose -2*x = -4 - 22. Let f be 1 + 1 + -3 - -4. Suppose -f*y = -20 - 19. What is the greatest common factor of y and x?
13
Let r be 562/6 + 2/(-3). Let x = r - 77. Calculate the highest common factor of 48 and x.
16
Suppose 7*o - 364 = -6*o. Calculate the greatest common factor of o and 476.
28
Let j = 212 + -121. Calculate the greatest common divisor of j and 39.
13
Suppose -3*j + 10 = 2*t, 0 = -5*j - 10*t + 15*t. Suppose -3*v - 1 - 4 = 4*m, -2*v = m. Let w be 9*1/(2 + v). Calculate the greatest common divisor of j and w.
1
Suppose -4*a + 8*a = -c + 4, 0 = -4*c + 5*a - 5. Suppose 4*l + 4*s - 24 = c, s = 2*l - 5*l + 22. What is the highest common divisor of l and 4?
4
Let v(h) = 10*h + 46. Let i be v(8). Calculate the greatest common factor of i and 210.
42
Suppose -2*c - 128 = -2*q, -2*q + c - 44 + 167 = 0. Let p = -26 + q. Let b = -202 + 466. What is the highest common factor of p and b?
33
Suppose 8 = -2*f, -4*f = l - 36 - 208. Calculate the greatest common factor of l and 40.
20
Let f be (-3)/2*1*-6. Let s = -6 + f. Suppose -2*m + 20 = s*a, 5*m - 16 = -3*a + m. Calculate the highest common divisor of a and 40.
8
Suppose -5*k + 4*b = -70, 3*b = k - 1 - 13. Let w(c) = -3*c**2 + 106*c - 10. Let t be w(34). What is the highest common factor of t and k?
14
Suppo